ors of (r/(-9))/((-2)/(-30)).
5
Suppose b + 12 = 2*b. What are the prime factors of b?
2, 3
Suppose -2*r + 2*z + 12 = 0, -6*r + r = 2*z + 5. What are the prime factors of (4 - -2) + r + -3?
2
Let o(i) = i**2 + 4*i - 38. What are the prime factors of o(-11)?
3, 13
What are the prime factors of 3 + (-66)/(15/(-5))?
5
Suppose -f = -0*f - 66. Let b = f + -27. What are the prime factors of b?
3, 13
Suppose -145 + 19 = -3*n. What are the prime factors of n?
2, 3, 7
Suppose 38 + 2 = 4*z. Let c be ((-8)/(-10))/(4/z). What are the prime factors of 1/(c - 21/11)?
11
Let z(j) = -j - 11. Let n be z(7). Let y = -1 - n. List the prime factors of y.
17
Suppose -b + 0*b = -c - 39, -82 = -2*b + c. What are the prime factors of b?
43
Let n = 20 - 16. Let k(d) = d + 11. Let s be k(9). Suppose 0*p - n*p = -s. What are the prime factors of p?
5
Let b = -27 + 42. List the prime factors of b.
3, 5
Let s(b) = b**2 - 2*b - 6. Let l(a) = -a. Let c(f) = -6*l(f) + s(f). Let w be c(-6). Suppose 16 = x - 3*p, 3*p + 32 = w*x - x. List the prime factors of x.
2
Let u be ((-4)/6)/((-2)/36). Let d = u + 11. List the prime factors of d.
23
Let a(p) = 13*p - 34. List the prime factors of a(13).
3, 5
What are the prime factors of 29/116 + (-2406)/(-8)?
7, 43
Suppose -3*p + 5 + 7 = 0. Suppose g + p*g - 160 = 0. List the prime factors of g.
2
Suppose -3*k + 1107 = -3*d, k - 45 = 4*d + 339. What are the prime factors of k?
2, 7, 13
Suppose 6*u - 2*u + 352 = 0. What are the prime factors of 2/(-3) + u/(-6)?
2, 7
Suppose -t = -2*s + 163, -4*s = -3*t + 4*t - 311. Suppose 3*f - 4*q + 34 + s = 0, 3*f - q + 98 = 0. Let h = 43 + f. What are the prime factors of h?
2, 3
Let d = 151 + -70. What are the prime factors of d?
3
Let d = -13 + 21. Suppose d*q - 8 = -z + 4*q, -2*q + 14 = 3*z. List the prime factors of (3 + -9)*z/(-6).
2
Suppose -5*b + 10 = -5. Let z be (b - 2)*46 + 2. List the prime factors of z/(-18)*(-3)/2.
2
Let x(l) = l**3 - 12*l**2 - 21*l + 22. What are the prime factors of x(14)?
2, 3, 5
Suppose 0 = 3*h + 2*k + 68, -2*h - 3*h = -5*k + 155. Let n = h - -48. What are the prime factors of n?
2, 11
Let w(b) = 3*b**2 + 5*b + 2. Let g be w(-3). Let q = 11 - 7. Suppose 18 + 9 = 5*c - 3*y, 3*c - g = q*y. What are the prime factors of c?
2, 3
Suppose 14 = 5*t - 16. Let r be (t/(-3) - -29)*2. Suppose 0 = -3*w - a - 4*a + 35, 5*w - r = -4*a. What are the prime factors of w?
2, 5
Let w be 0 + (-1 - (-3 + 4)*-1). Let j(t) = t - 6. Let y(o) = 1. Let s(n) = -j(n) + 4*y(n). List the prime factors of s(w).
2, 5
Suppose 14 = 5*b - 11. Suppose b*f - 291 = 3*q, 3*f = 3*q - q + 174. Suppose 4*t = -t + f. What are the prime factors of t?
2, 3
Suppose -3*r + 48 = 5*r. What are the prime factors of r?
2, 3
Suppose -2*t - t = 2*z - 310, 5*z - 418 = -4*t. List the prime factors of t.
2, 3, 17
Suppose 104 = -5*q + 394. Suppose 0 = -4*d + 2*d - l + 82, -5*l = -2*d + q. List the prime factors of d.
3, 13
Let n(m) = 3*m**2 - 2*m + 1. Let c(b) = 7*b**2 - 3*b + 1. Let z(u) = -2*c(u) + 5*n(u). List the prime factors of z(5).
2
Let j = -9 - -5. Let l = 3 + j. What are the prime factors of 3/(l/4*-1)?
2, 3
Suppose -12 = 3*y - 4*g, -y - 2*y = -2*g + 6. Suppose 96 = -y*v + 3*v. What are the prime factors of v?
2
Let h = -129 - -211. List the prime factors of h.
2, 41
Let p = -223 + 487. What are the prime factors of p?
2, 3, 11
Let s = 500 + -289. What are the prime factors of s?
211
Suppose -2*v = z - 6*v + 3, 5*z = 2*v + 3. Suppose -16*s = -13*s + 3. List the prime factors of (z - 9)/s + 0.
2
Let z be (0 - -3)/(3/2). Let j be (1 + 25)/(-1) + z. Let u = -13 - j. What are the prime factors of u?
11
Let p = -19 + 70. What are the prime factors of p?
3, 17
Let v be (0 - (-3)/3)*11. Let z = -10 - -2. Let f = v + z. What are the prime factors of f?
3
Let a(s) = 9*s**3 - 6*s**2 - 4*s + 3. List the prime factors of a(3).
2, 3, 5
Let u = 113 + 124. What are the prime factors of u?
3, 79
Let j = -6 - -23. Suppose 0 = 2*t - t - j. List the prime factors of t.
17
Let q(t) = -13*t**3 + 2*t**2 + t + 3. List the prime factors of q(-2).
113
Suppose 4*n - 625 = -n. Suppose 10*g + n = 15*g. List the prime factors of g.
5
Suppose -3*f - 10 = 3*a + 2, f - 8 = 5*a. Let p(d) be the third derivative of -d**6/120 + d**5/30 + d**4/24 - d**3/3 - d**2. What are the prime factors of p(f)?
2, 3
List the prime factors of 11/1*(3 + -2).
11
Let n = -3 + -1. Let c = -6 - n. What are the prime factors of (-3)/((-14)/(-8) + c)?
2, 3
Let o = -12 - -47. List the prime factors of o.
5, 7
Suppose -277 = -4*c - 3*i, 0 = -0*i - 2*i - 2. List the prime factors of c.
2, 5, 7
Let y(p) = -2*p - 10. Suppose 0*f + 13 = -f + 4*v, -3*f + 5*v = 32. List the prime factors of y(f).
2
Let t(q) = q**2 + 6*q + 4. Let v be t(-6). Let z = -5 + 7. Suppose -5*a + o + 27 = 0, -v*a + 33 = 5*o - z*o. List the prime factors of a.
2, 3
Suppose 0*o + 4 = -4*o. Let n(x) = 3*x**2 + x. Let v be n(o). Suppose v*m = 16 + 4. List the prime factors of m.
2, 5
Let p = 18 - 6. List the prime factors of p.
2, 3
Let y(q) = -q + 10. Let m be (7/5)/(3/15). What are the prime factors of y(m)?
3
Let q(g) = 6*g - 13. Let n(j) = 7*j - 13. Let o(d) = 4*n(d) - 5*q(d). What are the prime factors of o(-10)?
3, 11
Let d = 0 - -1. Let p(r) be the third derivative of 3*r**6/20 + r**5/60 - r**4/24 - r**2. List the prime factors of p(d).
2, 3
Suppose -y = y - 5*v + 39, 5*v = -5*y - 45. Let k = 1 + y. What are the prime factors of (-6)/6 - 2*k?
3, 7
Let k(n) = -6*n + 2. Let r be k(-2). Let q = -8 + 13. Suppose -m - 2 = 0, 2*s - 6*m - r = -q*m. List the prime factors of s.
2, 3
Suppose 3*t = -3*t + 186. List the prime factors of t.
31
What are the prime factors of 12/1 - 3*(-4)/(-6)?
2, 5
List the prime factors of 6/(-21) + 1026/14.
73
What are the prime factors of (-18)/(-48) + (-4858)/(-16)?
2, 19
Suppose 0 = -3*o + 8*o - 10. Suppose o = y - 1. Suppose -y*a = -5*a + 24. What are the prime factors of a?
2, 3
Let i = -1 - -1. List the prime factors of -3 - -1 - i - -14.
2, 3
Let y = -6 - -8. Let c(r) = 3*r**2 - 2*r - 2. What are the prime factors of c(y)?
2, 3
Let m(u) = 6*u**2 - 2*u. Let x be m(2). Suppose -3*t + x = 8. List the prime factors of t.
2
Suppose 3*a + 3*f = -9, 0 = -2*f - f. Let v = -4 - a. Let o(i) = 4*i**2 - i. What are the prime factors of o(v)?
5
Let p(k) = -11*k**2 + 11*k - 15. Let d(o) = -5*o**2 + 5*o - 7. Let s(u) = 13*d(u) - 6*p(u). List the prime factors of s(-2).
5
Let v(w) = -w**3 + 10*w**2 + 15*w - 16. Let d be v(11). Suppose 0*r - d = -2*r. List the prime factors of r.
2, 7
Let l = 5 + 7. What are the prime factors of l?
2, 3
Let m be (5 + -1)*(-50)/(-4). Suppose -7*t = -2*t - m. What are the prime factors of t?
2, 5
Let a = 7 + -7. Let c = 10 + a. List the prime factors of c.
2, 5
Suppose -o = 3*h - 0*h - 203, 3*h + 4*o - 218 = 0. List the prime factors of h.
2, 3, 11
Let s be 3/(0 + 3/(-4)). Let o(g) = g**3 + 5*g**2 - g + 1. List the prime factors of o(s).
3, 7
Suppose -3*w + 0*r + 425 = r, -w - 5*r + 151 = 0. List the prime factors of 3/(-2) + w/6.
2, 11
Suppose 4*g = -20, -2*g + 3*g + 3 = -2*f. Let j(q) = 0 - 2*q - f + 2. List the prime factors of j(-5).
11
Suppose o = -5*u + u + 41, -2*o - 2*u = -52. List the prime factors of o.
3, 7
Let s be (46/(-6))/(1/3). Let y = s - -33. Let h = y + 2. What are the prime factors of h?
2, 3
Suppose -34 = -g - g. List the prime factors of g.
17
Let k be 3 + -6*3/(-6). Suppose 0 = -2*q + k*q - 12. What are the prime factors of q?
3
Let i = 74 - 32. List the prime factors of i.
2, 3, 7
Let m(d) = d**3 + 6*d**2 - 8*d - 2. Let u be m(-7). Suppose i + 56 = u*a, -3*a + 2*i + 28 + 0 = 0. What are the prime factors of a?
2, 3
Suppose -21*c = -15*c - 846. What are the prime factors of c?
3, 47
Let x(h) be the second derivative of -h**4/8 - 11*h**3/6 - 3*h**2/2 + 3*h. Let z(d) be the first derivative of x(d). List the prime factors of z(-9).
2
Let y = -11 - -18. Let n be 400/28 + (-2)/y. Let r = n - 5. What are the prime factors of r?
3
Suppose -4*s + 40 = -44. What are the prime factors of s?
3, 7
List the prime factors of (-21)/14*56/(-3).
2, 7
Let c(v) = -v - 5. Let r = 2 + 3. Let g be (-4)/20 + (-44)/r. What are the prime factors of c(g)?
2
Let b(g) = g**2 - 10*g - 14. What are the prime factors of b(12)?
2, 5
Let u(t) = t**2 + 2*t - 